{"id":315,"date":"2024-05-16T10:39:47","date_gmt":"2024-05-16T07:39:47","guid":{"rendered":"https:\/\/daimoglucam.com\/?page_id=315"},"modified":"2024-05-16T10:55:45","modified_gmt":"2024-05-16T07:55:45","slug":"antre-aynalari","status":"publish","type":"page","link":"https:\/\/daimoglucam.com\/index.php\/antre-aynalari\/","title":{"rendered":"\u00d6zel Antre Ayna Tasar\u0131mlar\u0131m\u0131z"},"content":{"rendered":"","protected":false},"excerpt":{"rendered":"","protected":false},"author":1,"featured_media":0,"parent":0,"menu_order":0,"comment_status":"closed","ping_status":"closed","template":"","meta":{"_themeisle_gutenberg_block_has_review":false,"_joinchat":[],"footnotes":""},"aioseo_notices":[],"_links":{"self":[{"href":"https:\/\/daimoglucam.com\/index.php\/wp-json\/wp\/v2\/pages\/315"}],"collection":[{"href":"https:\/\/daimoglucam.com\/index.php\/wp-json\/wp\/v2\/pages"}],"about":[{"href":"https:\/\/daimoglucam.com\/index.php\/wp-json\/wp\/v2\/types\/page"}],"author":[{"embeddable":true,"href":"https:\/\/daimoglucam.com\/index.php\/wp-json\/wp\/v2\/users\/1"}],"replies":[{"embeddable":true,"href":"https:\/\/daimoglucam.com\/index.php\/wp-json\/wp\/v2\/comments?post=315"}],"version-history":[{"count":2,"href":"https:\/\/daimoglucam.com\/index.php\/wp-json\/wp\/v2\/pages\/315\/revisions"}],"predecessor-version":[{"id":352,"href":"https:\/\/daimoglucam.com\/index.php\/wp-json\/wp\/v2\/pages\/315\/revisions\/352"}],"wp:attachment":[{"href":"https:\/\/daimoglucam.com\/index.php\/wp-json\/wp\/v2\/media?parent=315"}],"curies":[{"name":"wp","href":"https:\/\/api.w.org\/{rel}","templated":true}]}}